{"id":259,"date":"2024-08-30T03:38:36","date_gmt":"2024-08-30T03:38:36","guid":{"rendered":"https:\/\/rollerhomechile.cl\/?page_id=259"},"modified":"2024-11-27T22:43:15","modified_gmt":"2024-11-27T22:43:15","slug":"pagos","status":"publish","type":"page","link":"https:\/\/chile.rollerhomechile.cl\/?page_id=259","title":{"rendered":"Pagos"},"content":{"rendered":"<h4 class=\"wp-block-heading\"><strong>\u00a1Realiza tus pagos aqu\u00ed!<\/strong><\/h4><p><strong>Ingresa al medio de pago correspondiente a tu regi\u00f3n<\/strong>.<\/p><div class=\"wp-block-columns is-layout-flex wp-container-core-columns-is-layout-28f84493 wp-block-columns-is-layout-flex\"><div class=\"wp-block-column is-layout-flow wp-block-column-is-layout-flow\" style=\"padding-top:var(--wp--preset--spacing--30);padding-bottom:var(--wp--preset--spacing--40);flex-basis:50%\"><h2 class=\"wp-block-heading has-text-align-center\"><strong>Zona Norte<\/strong><\/h2>\n\n<h3 class=\"wp-block-heading has-text-align-center\">Antofagasta<\/h3><\/div>\n\n<div class=\"wp-block-column is-layout-flow wp-block-column-is-layout-flow\" style=\"padding-top:var(--wp--preset--spacing--30);padding-bottom:var(--wp--preset--spacing--40);flex-basis:50%\"><figure class=\"wp-block-image size-medium\"><a href=\"https:\/\/www.webpay.cl\/form-pay\/34520\"><img loading=\"lazy\" decoding=\"async\" width=\"300\" height=\"126\" src=\"https:\/\/chile.rollerhomechile.cl\/wp-content\/uploads\/2024\/09\/logo-webpay-e1720837051479-300x126.png\" alt=\"\" class=\"wp-image-433\" srcset=\"https:\/\/chile.rollerhomechile.cl\/wp-content\/uploads\/2024\/09\/logo-webpay-e1720837051479-300x126.png 300w, https:\/\/chile.rollerhomechile.cl\/wp-content\/uploads\/2024\/09\/logo-webpay-e1720837051479.png 430w\" sizes=\"auto, (max-width: 300px) 100vw, 300px\" \/><\/a><\/figure><\/div><\/div><p class=\"has-text-color has-background has-link-color wp-elements-72f2f8c808dfd257c8219d5bafd38826\" style=\"color:#00678a;background-color:#00678a;padding-top:0;padding-bottom:0;font-size:2px\">.<\/p><div class=\"wp-block-columns is-layout-flex wp-container-core-columns-is-layout-12a0b04b wp-block-columns-is-layout-flex\" style=\"padding-top:var(--wp--preset--spacing--40)\"><div class=\"wp-block-column is-layout-flow wp-block-column-is-layout-flow\" style=\"padding-bottom:var(--wp--preset--spacing--30);flex-basis:50%\"><h2 class=\"wp-block-heading has-text-align-center\">Zona Sur<\/h2>\n\n<h3 class=\"wp-block-heading has-text-align-center\">Concepci\u00f3n &#8211; Temuco &#8211; Puc\u00f3n<\/h3><\/div>\n\n<div class=\"wp-block-column is-layout-flow wp-block-column-is-layout-flow\" style=\"padding-bottom:var(--wp--preset--spacing--30);flex-basis:50%\"><figure class=\"wp-block-image size-medium\"><a href=\"https:\/\/micrositios.getnet.cl\/roller_home_zona_sur\"><img loading=\"lazy\" decoding=\"async\" width=\"300\" height=\"131\" src=\"https:\/\/chile.rollerhomechile.cl\/wp-content\/uploads\/2024\/08\/banner_getnet_v3-300x131.png\" alt=\"\" class=\"wp-image-261\" srcset=\"https:\/\/chile.rollerhomechile.cl\/wp-content\/uploads\/2024\/08\/banner_getnet_v3-300x131.png 300w, https:\/\/chile.rollerhomechile.cl\/wp-content\/uploads\/2024\/08\/banner_getnet_v3-600x263.png 600w, https:\/\/chile.rollerhomechile.cl\/wp-content\/uploads\/2024\/08\/banner_getnet_v3-768x336.png 768w, https:\/\/chile.rollerhomechile.cl\/wp-content\/uploads\/2024\/08\/banner_getnet_v3.png 1000w\" sizes=\"auto, (max-width: 300px) 100vw, 300px\" \/><\/a><\/figure><\/div><\/div><p><\/p>","protected":false},"excerpt":{"rendered":"<p>\u00a1Realiza tus pagos aqu\u00ed! Ingresa al medio de pago correspondiente a tu regi\u00f3n. Zona Norte Antofagasta . Zona Sur Concepci\u00f3n &#8211; Temuco &#8211; Puc\u00f3n<\/p>\n","protected":false},"author":1,"featured_media":0,"parent":0,"menu_order":0,"comment_status":"closed","ping_status":"closed","template":"","meta":{"footnotes":""},"class_list":["post-259","page","type-page","status-publish","hentry"],"_links":{"self":[{"href":"https:\/\/chile.rollerhomechile.cl\/index.php?rest_route=\/wp\/v2\/pages\/259","targetHints":{"allow":["GET"]}}],"collection":[{"href":"https:\/\/chile.rollerhomechile.cl\/index.php?rest_route=\/wp\/v2\/pages"}],"about":[{"href":"https:\/\/chile.rollerhomechile.cl\/index.php?rest_route=\/wp\/v2\/types\/page"}],"author":[{"embeddable":true,"href":"https:\/\/chile.rollerhomechile.cl\/index.php?rest_route=\/wp\/v2\/users\/1"}],"replies":[{"embeddable":true,"href":"https:\/\/chile.rollerhomechile.cl\/index.php?rest_route=%2Fwp%2Fv2%2Fcomments&post=259"}],"version-history":[{"count":20,"href":"https:\/\/chile.rollerhomechile.cl\/index.php?rest_route=\/wp\/v2\/pages\/259\/revisions"}],"predecessor-version":[{"id":521,"href":"https:\/\/chile.rollerhomechile.cl\/index.php?rest_route=\/wp\/v2\/pages\/259\/revisions\/521"}],"wp:attachment":[{"href":"https:\/\/chile.rollerhomechile.cl\/index.php?rest_route=%2Fwp%2Fv2%2Fmedia&parent=259"}],"curies":[{"name":"wp","href":"https:\/\/api.w.org\/{rel}","templated":true}]}}