{"id":172,"date":"2024-08-20T07:42:05","date_gmt":"2024-08-20T07:42:05","guid":{"rendered":"https:\/\/rollerhomechile.cl\/?page_id=172"},"modified":"2024-08-20T08:10:38","modified_gmt":"2024-08-20T08:10:38","slug":"politica-de-privacidad","status":"publish","type":"page","link":"https:\/\/chile.rollerhomechile.cl\/?page_id=172","title":{"rendered":"Pol\u00edtica de Privacidad"},"content":{"rendered":"<p>En www.rollerhome.cl, valoramos y respetamos tu privacidad. Esta pol\u00edtica de privacidad describe c\u00f3mo recopilamos, utilizamos y protegemos la informaci\u00f3n que puedas proporcionarnos a trav\u00e9s de nuestro sitio web.<\/p><p><strong>Recopilaci\u00f3n de Informaci\u00f3n<\/strong><br>Recopilamos informaci\u00f3n personal que nos proporcionas voluntariamente, como nombre, direcci\u00f3n de correo electr\u00f3nico, n\u00famero de tel\u00e9fono, etc., cuando te registras en nuestro sitio, completas formularios o nos contactas directamente.<\/p><p><strong>Uso de la Informaci\u00f3n<\/strong><br>La informaci\u00f3n que recopilamos se utiliza para personalizar tu experiencia en nuestro sitio, mejorar nuestro servicio al cliente, procesar transacciones y enviar correos electr\u00f3nicos peri\u00f3dicos relacionados con tus intereses.<\/p><p><strong>Protecci\u00f3n de la Informaci\u00f3n<\/strong><br>Implementamos diversas medidas de seguridad para mantener la seguridad de tu informaci\u00f3n personal cuando la env\u00edas, registras o accedes a ella.<\/p><p><strong>Divulgaci\u00f3n a Terceros<\/strong><br>No vendemos, intercambiamos ni transferimos a terceros tu informaci\u00f3n personal identificable. Esto no incluye terceros de confianza que nos asisten en la operaci\u00f3n de nuestro sitio web o en la prestaci\u00f3n de servicios, siempre que estos terceros acepten mantener la confidencialidad de tu informaci\u00f3n.<\/p><p><strong>Consentimiento<\/strong><br>Al utilizar nuestro sitio web, aceptas nuestra pol\u00edtica de privacidad.<\/p><p><strong>Cambios en la Pol\u00edtica<\/strong><br>Nos reservamos el derecho de modificar esta pol\u00edtica de privacidad en cualquier momento. Cualquier cambio se publicar\u00e1 en esta p\u00e1gina.<\/p><p><strong>Contacto<\/strong><br>Si tienes alguna pregunta sobre esta pol\u00edtica de privacidad, puedes contactarnos ventas@rollerhome.cl.<\/p><p><em>Esta pol\u00edtica de privacidad fue actualizada el 20-08-2024<\/em><\/p><p><\/p><section class=\"wp-block-cover wow animate__animated animate__slideInUp\" style=\"margin-top:0;margin-bottom:0;padding-top:var(--wp--preset--spacing--30);padding-bottom:var(--wp--preset--spacing--30);min-height:151px;aspect-ratio:unset;\"><span aria-hidden=\"true\" class=\"wp-block-cover__background has-background-dim-80 has-background-dim\" style=\"background-color:#00678a\"><\/span><img decoding=\"async\" class=\"wp-block-cover__image-background wp-image-1107\" alt=\"\" src=\"https:\/\/chile.rollerhomechile.cl\/wp-content\/themes\/consultinggrove\/assets\/images\/projects-2.jpg\" data-object-fit=\"cover\"\/><div class=\"wp-block-cover__inner-container has-global-padding is-layout-constrained wp-block-cover-is-layout-constrained\"><div class=\"wp-block-columns are-vertically-aligned-center is-layout-flex wp-container-core-columns-is-layout-28f84493 wp-block-columns-is-layout-flex\"><div class=\"wp-block-column is-vertically-aligned-center is-layout-flow wp-block-column-is-layout-flow\"><h2 class=\"wp-block-heading has-text-align-left has-white-text-color-color has-text-color has-link-color wp-elements-982ddcf4840172a1e1bf38c5a63ff91c\" style=\"font-size:clamp(25.014px, 1.563rem + ((1vw - 3.2px) * 1.846), 42px);\">Consultas<\/h2>\n\n<p class=\"has-text-align-left has-white-text-color-color has-text-color has-link-color wp-elements-a351424d4f2c4a0ad47ca64cbdc7a174\">Si tienes dudas, cont\u00e1ctanos.<\/p><\/div>\n\n<div class=\"wp-block-column is-vertically-aligned-center is-layout-flow wp-block-column-is-layout-flow\"><div class=\"wp-block-buttons is-content-justification-right is-layout-flex wp-container-core-buttons-is-layout-12e593c1 wp-block-buttons-is-layout-flex\" style=\"margin-top:0\"><div class=\"wp-block-button\"><a class=\"wp-block-button__link has-dark-text-color-color has-white-background-color has-text-color has-background has-link-color wp-element-button\" style=\"padding-right:var(--wp--preset--spacing--40);padding-left:var(--wp--preset--spacing--40)\">Cont\u00e1ctanos<\/a><\/div><\/div><\/div><\/div><\/div><\/section><p><\/p>","protected":false},"excerpt":{"rendered":"<p>En www.rollerhome.cl, valoramos y respetamos tu privacidad. Esta pol\u00edtica de privacidad describe c\u00f3mo recopilamos, utilizamos y protegemos la informaci\u00f3n que puedas proporcionarnos a trav\u00e9s de nuestro sitio web. Recopilaci\u00f3n de Informaci\u00f3nRecopilamos informaci\u00f3n personal que nos proporcionas voluntariamente, como nombre, direcci\u00f3n de correo electr\u00f3nico, n\u00famero de tel\u00e9fono, etc., cuando te registras en nuestro sitio, completas formularios [&hellip;]<\/p>\n","protected":false},"author":1,"featured_media":0,"parent":0,"menu_order":0,"comment_status":"closed","ping_status":"closed","template":"","meta":{"footnotes":""},"class_list":["post-172","page","type-page","status-publish","hentry"],"_links":{"self":[{"href":"https:\/\/chile.rollerhomechile.cl\/index.php?rest_route=\/wp\/v2\/pages\/172","targetHints":{"allow":["GET"]}}],"collection":[{"href":"https:\/\/chile.rollerhomechile.cl\/index.php?rest_route=\/wp\/v2\/pages"}],"about":[{"href":"https:\/\/chile.rollerhomechile.cl\/index.php?rest_route=\/wp\/v2\/types\/page"}],"author":[{"embeddable":true,"href":"https:\/\/chile.rollerhomechile.cl\/index.php?rest_route=\/wp\/v2\/users\/1"}],"replies":[{"embeddable":true,"href":"https:\/\/chile.rollerhomechile.cl\/index.php?rest_route=%2Fwp%2Fv2%2Fcomments&post=172"}],"version-history":[{"count":2,"href":"https:\/\/chile.rollerhomechile.cl\/index.php?rest_route=\/wp\/v2\/pages\/172\/revisions"}],"predecessor-version":[{"id":194,"href":"https:\/\/chile.rollerhomechile.cl\/index.php?rest_route=\/wp\/v2\/pages\/172\/revisions\/194"}],"wp:attachment":[{"href":"https:\/\/chile.rollerhomechile.cl\/index.php?rest_route=%2Fwp%2Fv2%2Fmedia&parent=172"}],"curies":[{"name":"wp","href":"https:\/\/api.w.org\/{rel}","templated":true}]}}